{"id":108,"date":"2022-06-24T14:31:55","date_gmt":"2022-06-24T12:31:55","guid":{"rendered":"http:\/\/stopzmianomklimatu.org.pl\/?page_id=108"},"modified":"2023-03-03T15:13:58","modified_gmt":"2023-03-03T14:13:58","slug":"108-2","status":"publish","type":"page","link":"https:\/\/stopzmianomklimatu.org.pl\/index.php\/108-2\/","title":{"rendered":"O projekcie"},"content":{"rendered":"<p>[et_pb_section fb_built=&#8221;1&#8243; _builder_version=&#8221;4.17.4&#8243; _module_preset=&#8221;default&#8221; global_colors_info=&#8221;{}&#8221;][et_pb_row _builder_version=&#8221;4.17.4&#8243; _module_preset=&#8221;default&#8221; global_colors_info=&#8221;{}&#8221;][et_pb_column type=&#8221;4_4&#8243; _builder_version=&#8221;4.17.4&#8243; _module_preset=&#8221;default&#8221; global_colors_info=&#8221;{}&#8221;][et_pb_text _builder_version=&#8221;4.17.4&#8243; _module_preset=&#8221;default&#8221; header_text_color=&#8221;#007bb7&#8243; header_2_text_color=&#8221;#007bb7&#8243; header_3_text_color=&#8221;#007bb7&#8243; global_colors_info=&#8221;{}&#8221;]<\/p>\n<h1><span style=\"color: #007bb7;\">Ochrona ekosystem\u00f3w &#8211; stop zmianom klimatu<\/span><\/h1>\n<p>Realizacja kampanii &#8222;Ochrona ekosystem\u00f3w &#8211; stop zmianom klimatu&#8221; zaplanowana jest na 24 miesi\u0105ce, w terminie <span style=\"color: #007bb7;\"><strong>od stycznia 2022 r. do grudnia 2023 r.<\/strong><\/span> Poszczeg\u00f3lne dzia\u0142ania projektowe maj\u0105 \u015bci\u015ble okre\u015blony harmonogram czasowy.<\/p>\n<h3><span style=\"color: #007bb7;\">Cele:<\/span><\/h3>\n<ul>\n<li>Poszerzenie \u015bwiadomo\u015bci spo\u0142ecznej w zakresie zmian klimatu i wp\u0142ywu naekosystemy.<\/li>\n<li>Zwi\u0119kszenie \u015bwiadomo\u015bci na temat roli ekosystem\u00f3w w stabilizacji klimatu.<\/li>\n<li>Zwi\u0119kszenie \u015bwiadomo\u015bci roli \u015bwiadczonych przez ekosystemy us\u0142ug.<\/li>\n<li>Wzrost zaanga\u017cowania spo\u0142eczno\u015bci lokalnych w ochron\u0119 \u015brodowiska naturalnego.<\/li>\n<li>Poznanie plan\u00f3w adaptacji do zmian klimatu na poziomie krajowym i lokalnym.<\/li>\n<li>Zrozumienie potrzeby ograniczania emisji dwutlenku w\u0119gla m.in. poprzezprzywracanie prawid\u0142owego stanu mokrade\u0142.<\/li>\n<\/ul>\n<h3><span style=\"color: #007bb7;\">Miejsce koordynacji dzia\u0142a\u0144 projektowych: Szko\u0142a Le\u015bna na Barbarce.<\/span><\/h3>\n<p>Kampania b\u0119dzie realizowana we wsp\u00f3\u0142pracy z partnerem z Norwegii &#8211; o\u015brodkiem edukacyjnym z Horten.<\/p>\n<p>Dzi\u0119ki wsp\u00f3\u0142pracy mo\u017cliwa b\u0119dzie wymiana do\u015bwiadcze\u0144 i informacji. Przedstawiciele o\u015brodka Horten Natursenter b\u0119d\u0105 uczestniczy\u0107 m.in. w webinarium organizowanym dla nauczycieli, podczas kt\u00f3rego b\u0119d\u0105 mogli podzieli\u0107 si\u0119 wiedz\u0105, wesprze\u0107 w przygotowaniu dzia\u0142a\u0144 adaptacyjnych czy przeniesieniu dzia\u0142a\u0144 adaptacyjnych nagrunt Polski. Dodatkowo b\u0119d\u0105 zorganizowane dwie wizyty &#8211; przedstawicieli Partnera<br \/>\nw Polsce oraz przedstawicieli Stowarzyszenia w Norwegii. Podczas wizyt mo\u017cliwa b\u0119dzie obserwacja pracy z dzie\u0107mi i m\u0142odzie\u017c\u0105 szkoln\u0105 na warsztatach i wyjazdach.[\/et_pb_text][\/et_pb_column][\/et_pb_row][et_pb_row _builder_version=&#8221;4.17.4&#8243; _module_preset=&#8221;default&#8221; custom_padding=&#8221;||0px|||&#8221; global_colors_info=&#8221;{}&#8221;][et_pb_column type=&#8221;4_4&#8243; _builder_version=&#8221;4.17.4&#8243; _module_preset=&#8221;default&#8221; global_colors_info=&#8221;{}&#8221;][et_pb_text _builder_version=&#8221;4.17.4&#8243; _module_preset=&#8221;default&#8221; global_colors_info=&#8221;{}&#8221;]<\/p>\n<h3><span style=\"color: #007bb7;\">Lista dzia\u0142a\u0144 promocyjnych w ramach projektu<\/span><\/h3>\n<p>[\/et_pb_text][\/et_pb_column][\/et_pb_row][\/et_pb_section][et_pb_section fb_built=&#8221;1&#8243; _builder_version=&#8221;4.17.4&#8243; _module_preset=&#8221;default&#8221; min_height=&#8221;264.2px&#8221; custom_margin=&#8221;-53px||48px|||&#8221; custom_padding=&#8221;14px||47px|||&#8221; global_colors_info=&#8221;{}&#8221;][et_pb_row column_structure=&#8221;2_5,3_5&#8243; _builder_version=&#8221;4.17.4&#8243; _module_preset=&#8221;default&#8221; custom_padding=&#8221;25px|||||&#8221; global_colors_info=&#8221;{}&#8221;][et_pb_column type=&#8221;2_5&#8243; _builder_version=&#8221;4.17.4&#8243; _module_preset=&#8221;default&#8221; global_colors_info=&#8221;{}&#8221;][et_pb_image src=&#8221;https:\/\/stopzmianomklimatu.org.pl\/wp-content\/uploads\/2022\/06\/Ochrona-ekosystemow-stop-zmianom-klimatu-1.jpg&#8221; title_text=&#8221;Ochrona ekosystem\u00f3w &#8211; stop zmianom klimatu-1&#8243; _builder_version=&#8221;4.17.4&#8243; _module_preset=&#8221;default&#8221; global_colors_info=&#8221;{}&#8221;][\/et_pb_image][\/et_pb_column][et_pb_column type=&#8221;3_5&#8243; _builder_version=&#8221;4.17.4&#8243; _module_preset=&#8221;default&#8221; global_colors_info=&#8221;{}&#8221;][et_pb_text _builder_version=&#8221;4.17.4&#8243; _module_preset=&#8221;default&#8221; global_colors_info=&#8221;{}&#8221;]<\/p>\n<p>1. Organizacja warsztat\u00f3w edukacyjnych dla dzieci i m\u0142odzie\u017cy z plac\u00f3wek dzia\u0142aj\u0105cych na terenie woj.kujawsko-pomorskiego, wielkopolskiego i warmi\u0144sko-mazurskiego.<\/p>\n<p>[\/et_pb_text][\/et_pb_column][\/et_pb_row][et_pb_row column_structure=&#8221;2_5,3_5&#8243; _builder_version=&#8221;4.17.4&#8243; _module_preset=&#8221;default&#8221; custom_padding=&#8221;25px|||||&#8221; global_colors_info=&#8221;{}&#8221;][et_pb_column type=&#8221;2_5&#8243; _builder_version=&#8221;4.17.4&#8243; _module_preset=&#8221;default&#8221; global_colors_info=&#8221;{}&#8221;][et_pb_image src=&#8221;https:\/\/stopzmianomklimatu.org.pl\/wp-content\/uploads\/2022\/06\/Ochrona-ekosystemow-stop-zmianom-klimatu.jpg&#8221; title_text=&#8221;Ochrona ekosystem\u00f3w &#8211; stop zmianom klimatu&#8221; force_fullwidth=&#8221;on&#8221; _builder_version=&#8221;4.17.4&#8243; _module_preset=&#8221;default&#8221; global_colors_info=&#8221;{}&#8221;][\/et_pb_image][\/et_pb_column][et_pb_column type=&#8221;3_5&#8243; _builder_version=&#8221;4.17.4&#8243; _module_preset=&#8221;default&#8221; global_colors_info=&#8221;{}&#8221;][et_pb_text _builder_version=&#8221;4.17.4&#8243; _module_preset=&#8221;default&#8221; global_colors_info=&#8221;{}&#8221;]<\/p>\n<p>2. Organizacja wydarze\u0144 edukacyjno-informacyjnych (mini-pikniki) w plac\u00f3wkach o\u015bwiatowych woj. kujawsko-pomorskiego, wielkopolskiego i warmi\u0144sko-mazurskiego.<\/p>\n<p>[\/et_pb_text][\/et_pb_column][\/et_pb_row][et_pb_row column_structure=&#8221;2_5,3_5&#8243; _builder_version=&#8221;4.17.4&#8243; _module_preset=&#8221;default&#8221; custom_padding=&#8221;25px|||||&#8221; global_colors_info=&#8221;{}&#8221;][et_pb_column type=&#8221;2_5&#8243; _builder_version=&#8221;4.17.4&#8243; _module_preset=&#8221;default&#8221; global_colors_info=&#8221;{}&#8221;][et_pb_image src=&#8221;https:\/\/stopzmianomklimatu.org.pl\/wp-content\/uploads\/2023\/03\/Bez-tytulu.jpg&#8221; title_text=&#8221;Bez\u00a0tytu\u0142u&#8221; force_fullwidth=&#8221;on&#8221; _builder_version=&#8221;4.18.0&#8243; _module_preset=&#8221;default&#8221; hover_enabled=&#8221;0&#8243; global_colors_info=&#8221;{}&#8221; sticky_enabled=&#8221;0&#8243;][\/et_pb_image][\/et_pb_column][et_pb_column type=&#8221;3_5&#8243; _builder_version=&#8221;4.17.4&#8243; _module_preset=&#8221;default&#8221; global_colors_info=&#8221;{}&#8221;][et_pb_text _builder_version=&#8221;4.17.4&#8243; _module_preset=&#8221;default&#8221; global_colors_info=&#8221;{}&#8221;]<\/p>\n<p>3. Organizacja konkursu na komiks pn.&#8221;Mokrad\u0142a s\u0105wa\u017cne!&#8221; dla 1000 uczni\u00f3w.<\/p>\n<p>[\/et_pb_text][\/et_pb_column][\/et_pb_row][et_pb_row column_structure=&#8221;2_5,3_5&#8243; _builder_version=&#8221;4.17.4&#8243; _module_preset=&#8221;default&#8221; custom_padding=&#8221;25px|||||&#8221; global_colors_info=&#8221;{}&#8221;][et_pb_column type=&#8221;2_5&#8243; _builder_version=&#8221;4.17.4&#8243; _module_preset=&#8221;default&#8221; global_colors_info=&#8221;{}&#8221;][et_pb_image src=&#8221;https:\/\/stopzmianomklimatu.org.pl\/wp-content\/uploads\/2023\/03\/Projekt-zarzadzany-przez.jpg&#8221; title_text=&#8221;Projekt zarz\u0105dzany przez&#8221; force_fullwidth=&#8221;on&#8221; _builder_version=&#8221;4.18.0&#8243; _module_preset=&#8221;default&#8221; hover_enabled=&#8221;0&#8243; global_colors_info=&#8221;{}&#8221; sticky_enabled=&#8221;0&#8243;][\/et_pb_image][\/et_pb_column][et_pb_column type=&#8221;3_5&#8243; _builder_version=&#8221;4.17.4&#8243; _module_preset=&#8221;default&#8221; global_colors_info=&#8221;{}&#8221;][et_pb_text _builder_version=&#8221;4.17.4&#8243; _module_preset=&#8221;default&#8221; global_colors_info=&#8221;{}&#8221;]<\/p>\n<p>4. Organizacja konkursu internetowego, wiedzowego z zagadnie\u0144 zmian klimatu, adaptacji do zmian klimatu, us\u0142ugekosystemowych.<\/p>\n<p>[\/et_pb_text][\/et_pb_column][\/et_pb_row][et_pb_row column_structure=&#8221;2_5,3_5&#8243; _builder_version=&#8221;4.17.4&#8243; _module_preset=&#8221;default&#8221; custom_padding=&#8221;25px|||||&#8221; global_colors_info=&#8221;{}&#8221;][et_pb_column type=&#8221;2_5&#8243; _builder_version=&#8221;4.17.4&#8243; _module_preset=&#8221;default&#8221; global_colors_info=&#8221;{}&#8221;][et_pb_image src=&#8221;https:\/\/stopzmianomklimatu.org.pl\/wp-content\/uploads\/2022\/06\/Ochrona-ekosystemow-stop-zmianom-klimatu3.jpg&#8221; title_text=&#8221;Ochrona ekosystem\u00f3w &#8211; stop zmianom klimatu3&#8243; force_fullwidth=&#8221;on&#8221; _builder_version=&#8221;4.17.4&#8243; _module_preset=&#8221;default&#8221; global_colors_info=&#8221;{}&#8221;][\/et_pb_image][\/et_pb_column][et_pb_column type=&#8221;3_5&#8243; _builder_version=&#8221;4.17.4&#8243; _module_preset=&#8221;default&#8221; global_colors_info=&#8221;{}&#8221;][et_pb_text _builder_version=&#8221;4.17.4&#8243; _module_preset=&#8221;default&#8221; global_colors_info=&#8221;{}&#8221;]<\/p>\n<p>5. Organizacja szkole\u0144-webinari\u00f3w dla nauczycieli.<\/p>\n<p>[\/et_pb_text][\/et_pb_column][\/et_pb_row][et_pb_row column_structure=&#8221;2_5,3_5&#8243; _builder_version=&#8221;4.17.4&#8243; _module_preset=&#8221;default&#8221; custom_padding=&#8221;25px|||||&#8221; global_colors_info=&#8221;{}&#8221;][et_pb_column type=&#8221;2_5&#8243; _builder_version=&#8221;4.17.4&#8243; _module_preset=&#8221;default&#8221; global_colors_info=&#8221;{}&#8221;][et_pb_image src=&#8221;https:\/\/stopzmianomklimatu.org.pl\/wp-content\/uploads\/2022\/06\/Ochrona-ekosystemow-stop-zmianom-klimatu4.jpg&#8221; title_text=&#8221;Ochrona ekosystem\u00f3w &#8211; stop zmianom klimatu4&#8243; force_fullwidth=&#8221;on&#8221; _builder_version=&#8221;4.17.4&#8243; _module_preset=&#8221;default&#8221; global_colors_info=&#8221;{}&#8221;][\/et_pb_image][\/et_pb_column][et_pb_column type=&#8221;3_5&#8243; _builder_version=&#8221;4.17.4&#8243; _module_preset=&#8221;default&#8221; global_colors_info=&#8221;{}&#8221;][et_pb_text _builder_version=&#8221;4.17.4&#8243; _module_preset=&#8221;default&#8221; global_colors_info=&#8221;{}&#8221;]<\/p>\n<p>6. Organizacja dzia\u0142a\u0144 promocyjnych, tj. strona kampanii,akcje i wydarzenia edukacyjne, film promocyjny, spoty itp.na portalu i w mediach spo\u0142eczno\u015bciowych.<\/p>\n<p>[\/et_pb_text][\/et_pb_column][\/et_pb_row][\/et_pb_section]<\/p>\n","protected":false},"excerpt":{"rendered":"<p>Ochrona ekosystem\u00f3w &#8211; stop zmianom klimatu Realizacja kampanii &#8222;Ochrona ekosystem\u00f3w &#8211; stop zmianom klimatu&#8221; zaplanowana jest na 24 miesi\u0105ce, w terminie od stycznia 2022 r. do grudnia 2023 r. Poszczeg\u00f3lne dzia\u0142ania projektowe maj\u0105 \u015bci\u015ble okre\u015blony harmonogram czasowy. Cele: Poszerzenie \u015bwiadomo\u015bci spo\u0142ecznej w zakresie zmian klimatu i wp\u0142ywu naekosystemy. Zwi\u0119kszenie \u015bwiadomo\u015bci na temat roli ekosystem\u00f3w w [&hellip;]<\/p>\n","protected":false},"author":3,"featured_media":0,"parent":0,"menu_order":0,"comment_status":"closed","ping_status":"closed","template":"","meta":{"_et_pb_use_builder":"on","_et_pb_old_content":"","_et_gb_content_width":"","inline_featured_image":false,"footnotes":""},"class_list":["post-108","page","type-page","status-publish","hentry"],"_links":{"self":[{"href":"https:\/\/stopzmianomklimatu.org.pl\/index.php\/wp-json\/wp\/v2\/pages\/108","targetHints":{"allow":["GET"]}}],"collection":[{"href":"https:\/\/stopzmianomklimatu.org.pl\/index.php\/wp-json\/wp\/v2\/pages"}],"about":[{"href":"https:\/\/stopzmianomklimatu.org.pl\/index.php\/wp-json\/wp\/v2\/types\/page"}],"author":[{"embeddable":true,"href":"https:\/\/stopzmianomklimatu.org.pl\/index.php\/wp-json\/wp\/v2\/users\/3"}],"replies":[{"embeddable":true,"href":"https:\/\/stopzmianomklimatu.org.pl\/index.php\/wp-json\/wp\/v2\/comments?post=108"}],"version-history":[{"count":12,"href":"https:\/\/stopzmianomklimatu.org.pl\/index.php\/wp-json\/wp\/v2\/pages\/108\/revisions"}],"predecessor-version":[{"id":628,"href":"https:\/\/stopzmianomklimatu.org.pl\/index.php\/wp-json\/wp\/v2\/pages\/108\/revisions\/628"}],"wp:attachment":[{"href":"https:\/\/stopzmianomklimatu.org.pl\/index.php\/wp-json\/wp\/v2\/media?parent=108"}],"curies":[{"name":"wp","href":"https:\/\/api.w.org\/{rel}","templated":true}]}}

<p>[et_pb_section fb_built=&#8221;1&#8243; _builder_version=&#8221;4.17.4&#8243; _module_preset=&#8221;default&#8221; global_colors_info=&#8221;{}&#8221;][et_pb_row _builder_version=&#8221;4.17.4&#8243; _module_preset=&#8221;default&#8221; global_colors_info=&#8221;{}&#8221;][et_pb_column type=&#8221;4_4&#8243; _builder_version=&#8221;4.17.4&#8243; _module_preset=&#8221;default&#8221; global_colors_info=&#8221;{}&#8221;][et_pb_text _builder_version=&#8221;4.17.4&#8243; _module_preset=&#8221;default&#8221; header_text_color=&#8221;#007bb7&#8243; header_2_text_color=&#8221;#007bb7&#8243; header_3_text_color=&#8221;#007bb7&#8243; global_colors_info=&#8221;{}&#8221;]</p>
<h1><span style="color: #007bb7;">Ochrona ekosystemów &#8211; stop zmianom klimatu</span></h1>
<p>Realizacja kampanii &#8222;Ochrona ekosystemów &#8211; stop zmianom klimatu&#8221; zaplanowana jest na 24 miesiące, w terminie <span style="color: #007bb7;"><strong>od stycznia 2022 r. do grudnia 2023 r.</strong></span> Poszczególne działania projektowe mają ściśle określony harmonogram czasowy.</p>
<h3><span style="color: #007bb7;">Cele:</span></h3>
<ul>
<li>Poszerzenie świadomości społecznej w zakresie zmian klimatu i wpływu naekosystemy.</li>
<li>Zwiększenie świadomości na temat roli ekosystemów w stabilizacji klimatu.</li>
<li>Zwiększenie świadomości roli świadczonych przez ekosystemy usług.</li>
<li>Wzrost zaangażowania społeczności lokalnych w ochronę środowiska naturalnego.</li>
<li>Poznanie planów adaptacji do zmian klimatu na poziomie krajowym i lokalnym.</li>
<li>Zrozumienie potrzeby ograniczania emisji dwutlenku węgla m.in. poprzezprzywracanie prawidłowego stanu mokradeł.</li>
</ul>
<h3><span style="color: #007bb7;">Miejsce koordynacji działań projektowych: Szkoła Leśna na Barbarce.</span></h3>
<p>Kampania będzie realizowana we współpracy z partnerem z Norwegii &#8211; ośrodkiem edukacyjnym z Horten.</p>
<p>Dzięki współpracy możliwa będzie wymiana doświadczeń i informacji. Przedstawiciele ośrodka Horten Natursenter będą uczestniczyć m.in. w webinarium organizowanym dla nauczycieli, podczas którego będą mogli podzielić się wiedzą, wesprzeć w przygotowaniu działań adaptacyjnych czy przeniesieniu działań adaptacyjnych nagrunt Polski. Dodatkowo będą zorganizowane dwie wizyty &#8211; przedstawicieli Partnera<br />
w Polsce oraz przedstawicieli Stowarzyszenia w Norwegii. Podczas wizyt możliwa będzie obserwacja pracy z dziećmi i młodzieżą szkolną na warsztatach i wyjazdach.[/et_pb_text][/et_pb_column][/et_pb_row][et_pb_row _builder_version=&#8221;4.17.4&#8243; _module_preset=&#8221;default&#8221; custom_padding=&#8221;||0px|||&#8221; global_colors_info=&#8221;{}&#8221;][et_pb_column type=&#8221;4_4&#8243; _builder_version=&#8221;4.17.4&#8243; _module_preset=&#8221;default&#8221; global_colors_info=&#8221;{}&#8221;][et_pb_text _builder_version=&#8221;4.17.4&#8243; _module_preset=&#8221;default&#8221; global_colors_info=&#8221;{}&#8221;]</p>
<h3><span style="color: #007bb7;">Lista działań promocyjnych w ramach projektu</span></h3>
<p>[/et_pb_text][/et_pb_column][/et_pb_row][/et_pb_section][et_pb_section fb_built=&#8221;1&#8243; _builder_version=&#8221;4.17.4&#8243; _module_preset=&#8221;default&#8221; min_height=&#8221;264.2px&#8221; custom_margin=&#8221;-53px||48px|||&#8221; custom_padding=&#8221;14px||47px|||&#8221; global_colors_info=&#8221;{}&#8221;][et_pb_row column_structure=&#8221;2_5,3_5&#8243; _builder_version=&#8221;4.17.4&#8243; _module_preset=&#8221;default&#8221; custom_padding=&#8221;25px|||||&#8221; global_colors_info=&#8221;{}&#8221;][et_pb_column type=&#8221;2_5&#8243; _builder_version=&#8221;4.17.4&#8243; _module_preset=&#8221;default&#8221; global_colors_info=&#8221;{}&#8221;][et_pb_image src=&#8221;https://stopzmianomklimatu.org.pl/wp-content/uploads/2022/06/Ochrona-ekosystemow-stop-zmianom-klimatu-1.jpg&#8221; title_text=&#8221;Ochrona ekosystemów &#8211; stop zmianom klimatu-1&#8243; _builder_version=&#8221;4.17.4&#8243; _module_preset=&#8221;default&#8221; global_colors_info=&#8221;{}&#8221;][/et_pb_image][/et_pb_column][et_pb_column type=&#8221;3_5&#8243; _builder_version=&#8221;4.17.4&#8243; _module_preset=&#8221;default&#8221; global_colors_info=&#8221;{}&#8221;][et_pb_text _builder_version=&#8221;4.17.4&#8243; _module_preset=&#8221;default&#8221; global_colors_info=&#8221;{}&#8221;]</p>
<p>1. Organizacja warsztatów edukacyjnych dla dzieci i młodzieży z placówek działających na terenie woj.kujawsko-pomorskiego, wielkopolskiego i warmińsko-mazurskiego.</p>
<p>[/et_pb_text][/et_pb_column][/et_pb_row][et_pb_row column_structure=&#8221;2_5,3_5&#8243; _builder_version=&#8221;4.17.4&#8243; _module_preset=&#8221;default&#8221; custom_padding=&#8221;25px|||||&#8221; global_colors_info=&#8221;{}&#8221;][et_pb_column type=&#8221;2_5&#8243; _builder_version=&#8221;4.17.4&#8243; _module_preset=&#8221;default&#8221; global_colors_info=&#8221;{}&#8221;][et_pb_image src=&#8221;https://stopzmianomklimatu.org.pl/wp-content/uploads/2022/06/Ochrona-ekosystemow-stop-zmianom-klimatu.jpg&#8221; title_text=&#8221;Ochrona ekosystemów &#8211; stop zmianom klimatu&#8221; force_fullwidth=&#8221;on&#8221; _builder_version=&#8221;4.17.4&#8243; _module_preset=&#8221;default&#8221; global_colors_info=&#8221;{}&#8221;][/et_pb_image][/et_pb_column][et_pb_column type=&#8221;3_5&#8243; _builder_version=&#8221;4.17.4&#8243; _module_preset=&#8221;default&#8221; global_colors_info=&#8221;{}&#8221;][et_pb_text _builder_version=&#8221;4.17.4&#8243; _module_preset=&#8221;default&#8221; global_colors_info=&#8221;{}&#8221;]</p>
<p>2. Organizacja wydarzeń edukacyjno-informacyjnych (mini-pikniki) w placówkach oświatowych woj. kujawsko-pomorskiego, wielkopolskiego i warmińsko-mazurskiego.</p>
<p>[/et_pb_text][/et_pb_column][/et_pb_row][et_pb_row column_structure=&#8221;2_5,3_5&#8243; _builder_version=&#8221;4.17.4&#8243; _module_preset=&#8221;default&#8221; custom_padding=&#8221;25px|||||&#8221; global_colors_info=&#8221;{}&#8221;][et_pb_column type=&#8221;2_5&#8243; _builder_version=&#8221;4.17.4&#8243; _module_preset=&#8221;default&#8221; global_colors_info=&#8221;{}&#8221;][et_pb_image src=&#8221;https://stopzmianomklimatu.org.pl/wp-content/uploads/2023/03/Bez-tytulu.jpg&#8221; title_text=&#8221;Bez tytułu&#8221; force_fullwidth=&#8221;on&#8221; _builder_version=&#8221;4.18.0&#8243; _module_preset=&#8221;default&#8221; hover_enabled=&#8221;0&#8243; global_colors_info=&#8221;{}&#8221; sticky_enabled=&#8221;0&#8243;][/et_pb_image][/et_pb_column][et_pb_column type=&#8221;3_5&#8243; _builder_version=&#8221;4.17.4&#8243; _module_preset=&#8221;default&#8221; global_colors_info=&#8221;{}&#8221;][et_pb_text _builder_version=&#8221;4.17.4&#8243; _module_preset=&#8221;default&#8221; global_colors_info=&#8221;{}&#8221;]</p>
<p>3. Organizacja konkursu na komiks pn.&#8221;Mokradła sąważne!&#8221; dla 1000 uczniów.</p>
<p>[/et_pb_text][/et_pb_column][/et_pb_row][et_pb_row column_structure=&#8221;2_5,3_5&#8243; _builder_version=&#8221;4.17.4&#8243; _module_preset=&#8221;default&#8221; custom_padding=&#8221;25px|||||&#8221; global_colors_info=&#8221;{}&#8221;][et_pb_column type=&#8221;2_5&#8243; _builder_version=&#8221;4.17.4&#8243; _module_preset=&#8221;default&#8221; global_colors_info=&#8221;{}&#8221;][et_pb_image src=&#8221;https://stopzmianomklimatu.org.pl/wp-content/uploads/2023/03/Projekt-zarzadzany-przez.jpg&#8221; title_text=&#8221;Projekt zarządzany przez&#8221; force_fullwidth=&#8221;on&#8221; _builder_version=&#8221;4.18.0&#8243; _module_preset=&#8221;default&#8221; hover_enabled=&#8221;0&#8243; global_colors_info=&#8221;{}&#8221; sticky_enabled=&#8221;0&#8243;][/et_pb_image][/et_pb_column][et_pb_column type=&#8221;3_5&#8243; _builder_version=&#8221;4.17.4&#8243; _module_preset=&#8221;default&#8221; global_colors_info=&#8221;{}&#8221;][et_pb_text _builder_version=&#8221;4.17.4&#8243; _module_preset=&#8221;default&#8221; global_colors_info=&#8221;{}&#8221;]</p>
<p>4. Organizacja konkursu internetowego, wiedzowego z zagadnień zmian klimatu, adaptacji do zmian klimatu, usługekosystemowych.</p>
<p>[/et_pb_text][/et_pb_column][/et_pb_row][et_pb_row column_structure=&#8221;2_5,3_5&#8243; _builder_version=&#8221;4.17.4&#8243; _module_preset=&#8221;default&#8221; custom_padding=&#8221;25px|||||&#8221; global_colors_info=&#8221;{}&#8221;][et_pb_column type=&#8221;2_5&#8243; _builder_version=&#8221;4.17.4&#8243; _module_preset=&#8221;default&#8221; global_colors_info=&#8221;{}&#8221;][et_pb_image src=&#8221;https://stopzmianomklimatu.org.pl/wp-content/uploads/2022/06/Ochrona-ekosystemow-stop-zmianom-klimatu3.jpg&#8221; title_text=&#8221;Ochrona ekosystemów &#8211; stop zmianom klimatu3&#8243; force_fullwidth=&#8221;on&#8221; _builder_version=&#8221;4.17.4&#8243; _module_preset=&#8221;default&#8221; global_colors_info=&#8221;{}&#8221;][/et_pb_image][/et_pb_column][et_pb_column type=&#8221;3_5&#8243; _builder_version=&#8221;4.17.4&#8243; _module_preset=&#8221;default&#8221; global_colors_info=&#8221;{}&#8221;][et_pb_text _builder_version=&#8221;4.17.4&#8243; _module_preset=&#8221;default&#8221; global_colors_info=&#8221;{}&#8221;]</p>
<p>5. Organizacja szkoleń-webinariów dla nauczycieli.</p>
<p>[/et_pb_text][/et_pb_column][/et_pb_row][et_pb_row column_structure=&#8221;2_5,3_5&#8243; _builder_version=&#8221;4.17.4&#8243; _module_preset=&#8221;default&#8221; custom_padding=&#8221;25px|||||&#8221; global_colors_info=&#8221;{}&#8221;][et_pb_column type=&#8221;2_5&#8243; _builder_version=&#8221;4.17.4&#8243; _module_preset=&#8221;default&#8221; global_colors_info=&#8221;{}&#8221;][et_pb_image src=&#8221;https://stopzmianomklimatu.org.pl/wp-content/uploads/2022/06/Ochrona-ekosystemow-stop-zmianom-klimatu4.jpg&#8221; title_text=&#8221;Ochrona ekosystemów &#8211; stop zmianom klimatu4&#8243; force_fullwidth=&#8221;on&#8221; _builder_version=&#8221;4.17.4&#8243; _module_preset=&#8221;default&#8221; global_colors_info=&#8221;{}&#8221;][/et_pb_image][/et_pb_column][et_pb_column type=&#8221;3_5&#8243; _builder_version=&#8221;4.17.4&#8243; _module_preset=&#8221;default&#8221; global_colors_info=&#8221;{}&#8221;][et_pb_text _builder_version=&#8221;4.17.4&#8243; _module_preset=&#8221;default&#8221; global_colors_info=&#8221;{}&#8221;]</p>
<p>6. Organizacja działań promocyjnych, tj. strona kampanii,akcje i wydarzenia edukacyjne, film promocyjny, spoty itp.na portalu i w mediach społecznościowych.</p>
<p>[/et_pb_text][/et_pb_column][/et_pb_row][/et_pb_section]</p>

<p>Ochrona ekosystemów &#8211; stop zmianom klimatu Realizacja kampanii &#8222;Ochrona ekosystemów &#8211; stop zmianom klimatu&#8221; zaplanowana jest na 24 miesiące, w terminie od stycznia 2022 r. do grudnia 2023 r. Poszczególne działania projektowe mają ściśle określony harmonogram czasowy. Cele: Poszerzenie świadomości społecznej w zakresie zmian klimatu i wpływu naekosystemy. Zwiększenie świadomości na temat roli ekosystemów w [&hellip;]</p>
