{"id":144,"date":"2022-06-24T15:09:17","date_gmt":"2022-06-24T13:09:17","guid":{"rendered":"http:\/\/stopzmianomklimatu.org.pl\/?page_id=144"},"modified":"2023-03-16T11:53:53","modified_gmt":"2023-03-16T10:53:53","slug":"mini-pikniki","status":"publish","type":"page","link":"https:\/\/stopzmianomklimatu.org.pl\/index.php\/mini-pikniki\/","title":{"rendered":"Mini pikniki"},"content":{"rendered":"<p>[et_pb_section fb_built=&#8221;1&#8243; _builder_version=&#8221;4.17.4&#8243; _module_preset=&#8221;default&#8221; custom_padding=&#8221;3px|||||&#8221; global_colors_info=&#8221;{}&#8221;][et_pb_row column_structure=&#8221;1_3,2_3&#8243; _builder_version=&#8221;4.17.4&#8243; _module_preset=&#8221;default&#8221; custom_padding=&#8221;||0px|||&#8221; global_colors_info=&#8221;{}&#8221;][et_pb_column type=&#8221;1_3&#8243; _builder_version=&#8221;4.17.4&#8243; _module_preset=&#8221;default&#8221; global_colors_info=&#8221;{}&#8221;][et_pb_image src=&#8221;https:\/\/stopzmianomklimatu.org.pl\/wp-content\/uploads\/2022\/09\/ikonka_wyjazdy.png&#8221; title_text=&#8221;ikonka_wyjazdy&#8221; _builder_version=&#8221;4.17.4&#8243; _module_preset=&#8221;default&#8221; global_colors_info=&#8221;{}&#8221;][\/et_pb_image][\/et_pb_column][et_pb_column type=&#8221;2_3&#8243; _builder_version=&#8221;4.17.4&#8243; _module_preset=&#8221;default&#8221; global_colors_info=&#8221;{}&#8221;][et_pb_text _builder_version=&#8221;4.18.0&#8243; _module_preset=&#8221;default&#8221; hover_enabled=&#8221;0&#8243; global_colors_info=&#8221;{}&#8221; sticky_enabled=&#8221;0&#8243;]<\/p>\n<h1><strong><span style=\"color: #007bb7;\">Wydarzenia edukacyjno-informacyjne w plac\u00f3wkach o\u015bwiatowych &#8211; MINI PIKNIKI<\/span><\/strong><\/h1>\n<h3><span style=\"color: #007bb7;\"><\/span><\/h3>\n<h3><span style=\"color: #007bb7;\">Ochrona ekosystem\u00f3w &#8211; stop zmianom klimatu<\/span><\/h3>\n<p>&nbsp;<\/p>\n<p>W ramach programu \u201eOchrona ekosystem\u00f3w \u2013 stop zmianom klimatu\u201d odwiedzamy plac\u00f3wki o\u015bwiatowe z teren\u00f3w trzech wojew\u00f3dztw<\/p>\n<p>&#8211; kujawsko-pomorskiego,<br \/>&#8211; wielkopolskiego,<br \/>&#8211; warmi\u0144sko-mazurskiego,<\/p>\n<p>aby na ich terenie przeprowadzi\u0107 kampanie edukacyjno- informacyjne w formie mini-pikniku.<\/p>\n<p><strong>Termin realizacji:<\/strong> kwiecie\u0144 &#8211; pa\u017adziernik 2023 roku<\/p>\n<p>Cel: podniesienie poziomu \u015bwiadomo\u015bci w zakresie zmian klimatu i zagro\u017ce\u0144 z tym zwi\u0105zanych, kszta\u0142towanie postaw ekologicznych spo\u0142ecze\u0144stwa, wsparcie edukacji formalnej, budowanie poczucia odpowiedzialno\u015bci za lokalne \u015brodowisko, a tak\u017ce podniesienie wiedzy w tym zakresie.<\/p>\n<p>W dzia\u0142aniu udzia\u0142 wzi\u0105\u0107 mo\u017ce jedynie 20 plac\u00f3wek.<\/p>\n<p>Wydarzenie ma charakter edukacyjny.<\/p>\n<p>Czas trwania 5 godzin zegarowych (9.00 \u2013 14.00).<\/p>\n<p>Za przygotowanie terenu, uzyskanie niezb\u0119dnych pozwole\u0144 itp. odpowiedzialny jest podmiot zapraszaj\u0105cy, w osobie koordynatora wyznaczonego przez Dyrekcj\u0119 plac\u00f3wki o\u015bwiatowej.<\/p>\n<p>Stowarzyszenie jest organizacj\u0105 po\u017cytku publicznego i nie pobiera \u017cadnych op\u0142at od odbiorc\u00f3w dzia\u0142ania i\u00a0 nie dysponuje \u015brodkami finansowymi na ewentualny wynajem terenu pod wydarzenie.<\/p>\n<p>Organizacja wydarzenia na terenie szko\u0142y poprzedzona by\u0107 musi przes\u0142aniem wype\u0142nionego formularza zg\u0142oszenia\u00a0 &#8211; <a href=\"formularz-zgloszenia\">KLIKNIJ TUTAJ<\/a><\/p>\n<p><strong>Uwaga!<\/strong><\/p>\n<p>Przes\u0142anie karty zg\u0142oszenia nie jest jednoznaczne z przyjazdem i organizacj\u0105 mobilnych warsztat\u00f3w na terenie plac\u00f3wki. Spo\u015br\u00f3d kart zg\u0142oszenia nap\u0142ywaj\u0105cych do biura Stowarzyszenia \u201eTilia\u201d, wybranych zostanie 20 plac\u00f3wek o\u015bwiatowych na terenie kt\u00f3rych Stowarzyszenie przeprowadzi warsztaty.<\/p>\n<p>Na decyzj\u0119 przyjazdu ma wp\u0142yw kolejno\u015b\u0107 nap\u0142ywaj\u0105cych zg\u0142osze\u0144. Dodatkowo pod uwag\u0119 brana b\u0119dzie lokalizacja plac\u00f3wki, a tak\u017ce ilo\u015b\u0107 szacowanych odbiorc\u00f3w. W przypadku pozytywnej decyzji nawi\u0105zany zostanie kontakt z koordynatorem zdarzenia w celu ustalenia szczeg\u00f3\u0142\u00f3w wizyty.<\/p>\n<p><strong><u>Osoba do kontaktu:<\/u><\/strong><\/p>\n<p>Sylwia Jaroszewicz \u2013 Burczy\u0144ska (056) 657 60 89<\/p>\n<p>&nbsp;<\/p>\n<p>[\/et_pb_text][\/et_pb_column][\/et_pb_row][et_pb_row column_structure=&#8221;1_2,1_2&#8243; _builder_version=&#8221;4.17.4&#8243; _module_preset=&#8221;default&#8221; global_colors_info=&#8221;{}&#8221;][et_pb_column type=&#8221;1_2&#8243; _builder_version=&#8221;4.17.4&#8243; _module_preset=&#8221;default&#8221; global_colors_info=&#8221;{}&#8221;][et_pb_image src=&#8221;https:\/\/stopzmianomklimatu.org.pl\/wp-content\/uploads\/2022\/06\/wyjazdy2.jpg&#8221; title_text=&#8221;wyjazdy2&#8243; _builder_version=&#8221;4.17.4&#8243; _module_preset=&#8221;default&#8221; global_colors_info=&#8221;{}&#8221;][\/et_pb_image][\/et_pb_column][et_pb_column type=&#8221;1_2&#8243; _builder_version=&#8221;4.17.4&#8243; _module_preset=&#8221;default&#8221; global_colors_info=&#8221;{}&#8221;][et_pb_image src=&#8221;https:\/\/stopzmianomklimatu.org.pl\/wp-content\/uploads\/2022\/06\/wyjazdy1.jpg&#8221; title_text=&#8221;wyjazdy1&#8243; _builder_version=&#8221;4.17.4&#8243; _module_preset=&#8221;default&#8221; global_colors_info=&#8221;{}&#8221;][\/et_pb_image][\/et_pb_column][\/et_pb_row][et_pb_row column_structure=&#8221;1_2,1_2&#8243; _builder_version=&#8221;4.17.4&#8243; _module_preset=&#8221;default&#8221; custom_padding=&#8221;||0px|||&#8221; global_colors_info=&#8221;{}&#8221;][et_pb_column type=&#8221;1_2&#8243; _builder_version=&#8221;4.17.4&#8243; _module_preset=&#8221;default&#8221; global_colors_info=&#8221;{}&#8221;][et_pb_image src=&#8221;https:\/\/stopzmianomklimatu.org.pl\/wp-content\/uploads\/2022\/06\/wyjazdy4.jpg&#8221; title_text=&#8221;wyjazdy4&#8243; _builder_version=&#8221;4.17.4&#8243; _module_preset=&#8221;default&#8221; global_colors_info=&#8221;{}&#8221;][\/et_pb_image][\/et_pb_column][et_pb_column type=&#8221;1_2&#8243; _builder_version=&#8221;4.17.4&#8243; _module_preset=&#8221;default&#8221; global_colors_info=&#8221;{}&#8221;][et_pb_image src=&#8221;https:\/\/stopzmianomklimatu.org.pl\/wp-content\/uploads\/2022\/06\/wyjazdy3.jpg&#8221; title_text=&#8221;wyjazdy3&#8243; _builder_version=&#8221;4.17.4&#8243; _module_preset=&#8221;default&#8221; global_colors_info=&#8221;{}&#8221;][\/et_pb_image][\/et_pb_column][\/et_pb_row][\/et_pb_section]<\/p>\n","protected":false},"excerpt":{"rendered":"<p>Wydarzenia edukacyjno-informacyjne w plac\u00f3wkach o\u015bwiatowych &#8211; MINI PIKNIKI Ochrona ekosystem\u00f3w &#8211; stop zmianom klimatu &nbsp; W ramach programu \u201eOchrona ekosystem\u00f3w \u2013 stop zmianom klimatu\u201d odwiedzamy plac\u00f3wki o\u015bwiatowe z teren\u00f3w trzech wojew\u00f3dztw &#8211; kujawsko-pomorskiego,- wielkopolskiego,- warmi\u0144sko-mazurskiego, aby na ich terenie przeprowadzi\u0107 kampanie edukacyjno- informacyjne w formie mini-pikniku. Termin realizacji: kwiecie\u0144 &#8211; pa\u017adziernik 2023 roku Cel: podniesienie [&hellip;]<\/p>\n","protected":false},"author":3,"featured_media":0,"parent":0,"menu_order":0,"comment_status":"closed","ping_status":"closed","template":"","meta":{"_et_pb_use_builder":"on","_et_pb_old_content":"","_et_gb_content_width":"","inline_featured_image":false,"footnotes":""},"class_list":["post-144","page","type-page","status-publish","hentry"],"_links":{"self":[{"href":"https:\/\/stopzmianomklimatu.org.pl\/index.php\/wp-json\/wp\/v2\/pages\/144","targetHints":{"allow":["GET"]}}],"collection":[{"href":"https:\/\/stopzmianomklimatu.org.pl\/index.php\/wp-json\/wp\/v2\/pages"}],"about":[{"href":"https:\/\/stopzmianomklimatu.org.pl\/index.php\/wp-json\/wp\/v2\/types\/page"}],"author":[{"embeddable":true,"href":"https:\/\/stopzmianomklimatu.org.pl\/index.php\/wp-json\/wp\/v2\/users\/3"}],"replies":[{"embeddable":true,"href":"https:\/\/stopzmianomklimatu.org.pl\/index.php\/wp-json\/wp\/v2\/comments?post=144"}],"version-history":[{"count":14,"href":"https:\/\/stopzmianomklimatu.org.pl\/index.php\/wp-json\/wp\/v2\/pages\/144\/revisions"}],"predecessor-version":[{"id":676,"href":"https:\/\/stopzmianomklimatu.org.pl\/index.php\/wp-json\/wp\/v2\/pages\/144\/revisions\/676"}],"wp:attachment":[{"href":"https:\/\/stopzmianomklimatu.org.pl\/index.php\/wp-json\/wp\/v2\/media?parent=144"}],"curies":[{"name":"wp","href":"https:\/\/api.w.org\/{rel}","templated":true}]}}

<p>[et_pb_section fb_built=&#8221;1&#8243; _builder_version=&#8221;4.17.4&#8243; _module_preset=&#8221;default&#8221; custom_padding=&#8221;3px|||||&#8221; global_colors_info=&#8221;{}&#8221;][et_pb_row column_structure=&#8221;1_3,2_3&#8243; _builder_version=&#8221;4.17.4&#8243; _module_preset=&#8221;default&#8221; custom_padding=&#8221;||0px|||&#8221; global_colors_info=&#8221;{}&#8221;][et_pb_column type=&#8221;1_3&#8243; _builder_version=&#8221;4.17.4&#8243; _module_preset=&#8221;default&#8221; global_colors_info=&#8221;{}&#8221;][et_pb_image src=&#8221;https://stopzmianomklimatu.org.pl/wp-content/uploads/2022/09/ikonka_wyjazdy.png&#8221; title_text=&#8221;ikonka_wyjazdy&#8221; _builder_version=&#8221;4.17.4&#8243; _module_preset=&#8221;default&#8221; global_colors_info=&#8221;{}&#8221;][/et_pb_image][/et_pb_column][et_pb_column type=&#8221;2_3&#8243; _builder_version=&#8221;4.17.4&#8243; _module_preset=&#8221;default&#8221; global_colors_info=&#8221;{}&#8221;][et_pb_text _builder_version=&#8221;4.18.0&#8243; _module_preset=&#8221;default&#8221; hover_enabled=&#8221;0&#8243; global_colors_info=&#8221;{}&#8221; sticky_enabled=&#8221;0&#8243;]</p>
<h1><strong><span style="color: #007bb7;">Wydarzenia edukacyjno-informacyjne w placówkach oświatowych &#8211; MINI PIKNIKI</span></strong></h1>
<h3><span style="color: #007bb7;"></span></h3>
<h3><span style="color: #007bb7;">Ochrona ekosystemów &#8211; stop zmianom klimatu</span></h3>
<p>&nbsp;</p>
<p>W ramach programu „Ochrona ekosystemów – stop zmianom klimatu” odwiedzamy placówki oświatowe z terenów trzech województw</p>
<p>&#8211; kujawsko-pomorskiego,<br />&#8211; wielkopolskiego,<br />&#8211; warmińsko-mazurskiego,</p>
<p>aby na ich terenie przeprowadzić kampanie edukacyjno- informacyjne w formie mini-pikniku.</p>
<p><strong>Termin realizacji:</strong> kwiecień &#8211; październik 2023 roku</p>
<p>Cel: podniesienie poziomu świadomości w zakresie zmian klimatu i zagrożeń z tym związanych, kształtowanie postaw ekologicznych społeczeństwa, wsparcie edukacji formalnej, budowanie poczucia odpowiedzialności za lokalne środowisko, a także podniesienie wiedzy w tym zakresie.</p>
<p>W działaniu udział wziąć może jedynie 20 placówek.</p>
<p>Wydarzenie ma charakter edukacyjny.</p>
<p>Czas trwania 5 godzin zegarowych (9.00 – 14.00).</p>
<p>Za przygotowanie terenu, uzyskanie niezbędnych pozwoleń itp. odpowiedzialny jest podmiot zapraszający, w osobie koordynatora wyznaczonego przez Dyrekcję placówki oświatowej.</p>
<p>Stowarzyszenie jest organizacją pożytku publicznego i nie pobiera żadnych opłat od odbiorców działania i  nie dysponuje środkami finansowymi na ewentualny wynajem terenu pod wydarzenie.</p>
<p>Organizacja wydarzenia na terenie szkoły poprzedzona być musi przesłaniem wypełnionego formularza zgłoszenia  &#8211; <a href="formularz-zgloszenia">KLIKNIJ TUTAJ</a></p>
<p><strong>Uwaga!</strong></p>
<p>Przesłanie karty zgłoszenia nie jest jednoznaczne z przyjazdem i organizacją mobilnych warsztatów na terenie placówki. Spośród kart zgłoszenia napływających do biura Stowarzyszenia „Tilia”, wybranych zostanie 20 placówek oświatowych na terenie których Stowarzyszenie przeprowadzi warsztaty.</p>
<p>Na decyzję przyjazdu ma wpływ kolejność napływających zgłoszeń. Dodatkowo pod uwagę brana będzie lokalizacja placówki, a także ilość szacowanych odbiorców. W przypadku pozytywnej decyzji nawiązany zostanie kontakt z koordynatorem zdarzenia w celu ustalenia szczegółów wizyty.</p>
<p><strong><u>Osoba do kontaktu:</u></strong></p>
<p>Sylwia Jaroszewicz – Burczyńska (056) 657 60 89</p>
<p>&nbsp;</p>
<p>[/et_pb_text][/et_pb_column][/et_pb_row][et_pb_row column_structure=&#8221;1_2,1_2&#8243; _builder_version=&#8221;4.17.4&#8243; _module_preset=&#8221;default&#8221; global_colors_info=&#8221;{}&#8221;][et_pb_column type=&#8221;1_2&#8243; _builder_version=&#8221;4.17.4&#8243; _module_preset=&#8221;default&#8221; global_colors_info=&#8221;{}&#8221;][et_pb_image src=&#8221;https://stopzmianomklimatu.org.pl/wp-content/uploads/2022/06/wyjazdy2.jpg&#8221; title_text=&#8221;wyjazdy2&#8243; _builder_version=&#8221;4.17.4&#8243; _module_preset=&#8221;default&#8221; global_colors_info=&#8221;{}&#8221;][/et_pb_image][/et_pb_column][et_pb_column type=&#8221;1_2&#8243; _builder_version=&#8221;4.17.4&#8243; _module_preset=&#8221;default&#8221; global_colors_info=&#8221;{}&#8221;][et_pb_image src=&#8221;https://stopzmianomklimatu.org.pl/wp-content/uploads/2022/06/wyjazdy1.jpg&#8221; title_text=&#8221;wyjazdy1&#8243; _builder_version=&#8221;4.17.4&#8243; _module_preset=&#8221;default&#8221; global_colors_info=&#8221;{}&#8221;][/et_pb_image][/et_pb_column][/et_pb_row][et_pb_row column_structure=&#8221;1_2,1_2&#8243; _builder_version=&#8221;4.17.4&#8243; _module_preset=&#8221;default&#8221; custom_padding=&#8221;||0px|||&#8221; global_colors_info=&#8221;{}&#8221;][et_pb_column type=&#8221;1_2&#8243; _builder_version=&#8221;4.17.4&#8243; _module_preset=&#8221;default&#8221; global_colors_info=&#8221;{}&#8221;][et_pb_image src=&#8221;https://stopzmianomklimatu.org.pl/wp-content/uploads/2022/06/wyjazdy4.jpg&#8221; title_text=&#8221;wyjazdy4&#8243; _builder_version=&#8221;4.17.4&#8243; _module_preset=&#8221;default&#8221; global_colors_info=&#8221;{}&#8221;][/et_pb_image][/et_pb_column][et_pb_column type=&#8221;1_2&#8243; _builder_version=&#8221;4.17.4&#8243; _module_preset=&#8221;default&#8221; global_colors_info=&#8221;{}&#8221;][et_pb_image src=&#8221;https://stopzmianomklimatu.org.pl/wp-content/uploads/2022/06/wyjazdy3.jpg&#8221; title_text=&#8221;wyjazdy3&#8243; _builder_version=&#8221;4.17.4&#8243; _module_preset=&#8221;default&#8221; global_colors_info=&#8221;{}&#8221;][/et_pb_image][/et_pb_column][/et_pb_row][/et_pb_section]</p>

<p>Wydarzenia edukacyjno-informacyjne w placówkach oświatowych &#8211; MINI PIKNIKI Ochrona ekosystemów &#8211; stop zmianom klimatu &nbsp; W ramach programu „Ochrona ekosystemów – stop zmianom klimatu” odwiedzamy placówki oświatowe z terenów trzech województw &#8211; kujawsko-pomorskiego,- wielkopolskiego,- warmińsko-mazurskiego, aby na ich terenie przeprowadzić kampanie edukacyjno- informacyjne w formie mini-pikniku. Termin realizacji: kwiecień &#8211; październik 2023 roku Cel: podniesienie [&hellip;]</p>
