{"id":413,"date":"2022-08-11T14:41:10","date_gmt":"2022-08-11T12:41:10","guid":{"rendered":"https:\/\/stopzmianomklimatu.org.pl\/?page_id=413"},"modified":"2023-01-26T14:24:51","modified_gmt":"2023-01-26T13:24:51","slug":"klimat-a-mokradla","status":"publish","type":"page","link":"https:\/\/stopzmianomklimatu.org.pl\/index.php\/klimat-a-mokradla\/","title":{"rendered":"Klimat a mokrad\u0142a"},"content":{"rendered":"<p>[et_pb_section fb_built=&#8221;1&#8243; _builder_version=&#8221;4.17.4&#8243; _module_preset=&#8221;default&#8221; global_colors_info=&#8221;{}&#8221; custom_padding=&#8221;0px|||||&#8221;][et_pb_row _builder_version=&#8221;4.18.0&#8243; _module_preset=&#8221;default&#8221;][et_pb_column _builder_version=&#8221;4.18.0&#8243; _module_preset=&#8221;default&#8221; type=&#8221;4_4&#8243;][et_pb_button button_text=&#8221; A gdy zabraknie wody&#8230;&#8221; _builder_version=&#8221;4.18.0&#8243; _module_preset=&#8221;default&#8221; button_url=&#8221;@ET-DC@eyJkeW5hbWljIjp0cnVlLCJjb250ZW50IjoicG9zdF9saW5rX3VybF9wYWdlIiwic2V0dGluZ3MiOnsicG9zdF9pZCI6IjQ5MiJ9fQ==@&#8221; _dynamic_attributes=&#8221;button_url&#8221; admin_label=&#8221;A gdy zabraknie wody&#8230;&#8221; box_shadow_style=&#8221;preset2&#8243; hover_enabled=&#8221;0&#8243; sticky_enabled=&#8221;0&#8243;][\/et_pb_button][\/et_pb_column][\/et_pb_row][et_pb_row _builder_version=&#8221;4.17.4&#8243; _module_preset=&#8221;default&#8221; global_colors_info=&#8221;{}&#8221;][et_pb_column type=&#8221;4_4&#8243; _builder_version=&#8221;4.17.4&#8243; _module_preset=&#8221;default&#8221; global_colors_info=&#8221;{}&#8221;][et_pb_text _builder_version=&#8221;4.17.4&#8243; _module_preset=&#8221;default&#8221; global_colors_info=&#8221;{}&#8221;]<\/p>\n<h2><span style=\"color: #007bb7;\"><strong>Mokrad\u0142a w Polsce<\/strong><\/span><\/h2>\n<p>[\/et_pb_text][\/et_pb_column][\/et_pb_row][et_pb_row _builder_version=&#8221;4.17.4&#8243; _module_preset=&#8221;default&#8221; global_colors_info=&#8221;{}&#8221;][et_pb_column type=&#8221;4_4&#8243; _builder_version=&#8221;4.17.4&#8243; _module_preset=&#8221;default&#8221; global_colors_info=&#8221;{}&#8221;][et_pb_text _builder_version=&#8221;4.17.4&#8243; _module_preset=&#8221;default&#8221; global_colors_info=&#8221;{}&#8221;]<\/p>\n<p style=\"text-align: justify;\">Wed\u0142ug Mi\u0119dzynarodowej Unii Ochrony Przyrody mokrad\u0142a to tereny b\u0142ot, bagien i torfowisk lub zbiorniki wodne zar\u00f3wno naturalne jak i sztuczne, sta\u0142e i okresowe, o wodach stoj\u0105cych lub p\u0142yn\u0105cych, s\u0142odkich, s\u0142onawych lub s\u0142onych. Jedna z definicji m\u00f3wi, \u017ce s\u0105 to obszary, kt\u00f3rych poziom wody jest bliski poziomowi gruntu, a wi\u0119c pokrywaj\u0105ca go ro\u015blinno\u015b\u0107 przystosowana jest do cz\u0119\u015bciowego zanurzenia, mo\u017ce by\u0107 okresowo zalewany, o glebach mineralnych lub organicznych. Mokrad\u0142a zazwyczaj znajduj\u0105 si\u0119 w obni\u017ceniach terenu, w dolinach rzecznych, rynnach polodowcowych, rzadziej na stokach czy wzniesieniach.<br \/>Mokrad\u0142a w Polsce zajmuj\u0105 obecnie obszar ok. 43 tys. km kwadratowych, z czego na torfowiska przypada ponad 12 tys.<\/p>\n<p>[\/et_pb_text][\/et_pb_column][\/et_pb_row][et_pb_row _builder_version=&#8221;4.17.4&#8243; _module_preset=&#8221;default&#8221; global_colors_info=&#8221;{}&#8221;][et_pb_column type=&#8221;4_4&#8243; _builder_version=&#8221;4.17.4&#8243; _module_preset=&#8221;default&#8221; global_colors_info=&#8221;{}&#8221;][et_pb_image src=&#8221;https:\/\/stopzmianomklimatu.org.pl\/wp-content\/uploads\/2022\/08\/mokradla1.jpg&#8221; alt=&#8221;Mokrad\u0142a&#8221; title_text=&#8221;Tajemnica i spok\u00f3j w zalanym wod\u0105 lesie olchowym,&#8221; admin_label=&#8221;https:\/\/en.wikipedia.org\/wiki\/File:Proportion_and_distribution_of_global_forest_area_by_climatic_domain,_2020.svg&#8221; _builder_version=&#8221;4.17.4&#8243; _module_preset=&#8221;default&#8221; global_colors_info=&#8221;{}&#8221;][\/et_pb_image][et_pb_text _builder_version=&#8221;4.17.4&#8243; _module_preset=&#8221;default&#8221; global_colors_info=&#8221;{}&#8221;]<\/p>\n<p style=\"text-align: justify;\">Obszary mokrade\u0142, torfowisk i bagien podlegaj\u0105 ochronie na podstawie Dyrektywy Siedliskowej i Ptasiej &#8211; utworzone zosta\u0142y Obszary Natura 2000 oraz na podstawie Konwencji Ramsarskiej \u2013 utworzone zosta\u0142y rezerwaty przyrody.<\/p>\n<p>Spo\u015br\u00f3d wyst\u0119puj\u0105cych w Polsce siedemdziesi\u0119ciu pi\u0119ciu siedlisk istotnych z punktu widzenia ochrony przyrody w Unii Europejskiej (Dyrektywa Siedliskowa), obecno\u015b\u0107 osiemnastu z nich jest zwi\u0105zana z naturalnymi i p\u00f3\u0142naturalnymi krajobrazami rzek i ich dolin.<br \/>Konwencja Ramsarska jest mi\u0119dzynarodow\u0105 umow\u0105 podpisan\u0105 w 1971 r. w celu promowania ochrony i zr\u00f3wnowa\u017conego u\u017cytkowania teren\u00f3w podmok\u0142ych na ca\u0142ym \u015bwiecie Konwencj\u0119 podpisa\u0142y 172 kraje wyznaczaj\u0105c ponad 2 400 obszar\u00f3w.<\/p>\n<p>Obszary chronione na podstawie Konwencji Ramsarskiej na terenie wojew\u00f3dztw obj\u0119tych projektem zlokalizowane s\u0105 tylko w wojew\u00f3dztwie warmi\u0144sko-mazurskim i s\u0105 to:<\/p>\n<ul>\n<li style=\"text-align: justify;\">Jezioro Kara\u015b &#8211; powierzchnia obszaru 815 ha, obszar obejmuje jezioro Kara\u015b wraz z otaczaj\u0105cymi lasami bagiennymi. Ochronie podlegaj\u0105 podwodne \u0142\u0105ki ramienicowe z bardzo rzadkim stanowiskiem ramienicy wielokolczastej. Jest to miejsce gniazdowania gatunk\u00f3w ptak\u00f3w wodno-b\u0142otnych oraz teren wykorzystywany w okresie migracji i koczowa\u0144 pol\u0119gowych awifauny.<\/li>\n<li style=\"text-align: justify;\">Jezioro Dru\u017cno &#8211; powierzchnia obszaru 3 068 ha, ochronie podlegaj\u0105 ro\u015bliny o li\u015bciach p\u0142ywaj\u0105cych, kt\u00f3re tworz\u0105 zesp\u00f3\u0142 lilii wodnych tj. grzybie\u0144czyk wodny i gr\u0105\u017cel \u017c\u00f3\u0142ty. Jest to miejsce gniazdowania gatunk\u00f3w ptak\u00f3w wodno-b\u0142otnych oraz teren wykorzystywany w okresie migracji i koczowa\u0144 pol\u0119gowych awifauny.<\/li>\n<li style=\"text-align: justify;\">Jezioro \u0141uknajno &#8211; powierzchnia obszaru 1 189 ha, ochronie podlegaj\u0105 siedliska podwodnych \u0142\u0105k ramienicowych. Jest to miejsce gniazdowania gatunk\u00f3w ptak\u00f3w wodno-b\u0142otnych oraz teren wykorzystywany w okresie migracji i koczowa\u0144 pol\u0119gowych awifauny.<\/li>\n<li style=\"text-align: justify;\">Jezioro Siedmiu Wysp &#8211; powierzchnia obszaru 1 618 ha. Ochronie podlega jezioro O\u015bwin z zalesionymi wyspami oraz przyleg\u0142e tereny podmok\u0142e z kompleksem torfowisk wysokich, bory i lasy bagienne oraz ni\u017cowe \u0142\u0105ki. Jest to miejsce gniazdowania gatunk\u00f3w ptak\u00f3w wodno-b\u0142otnych oraz teren wykorzystywany w okresie migracji i koczowa\u0144 pol\u0119gowych awifauny.<\/li>\n<\/ul>\n<p>[\/et_pb_text][\/et_pb_column][\/et_pb_row][et_pb_row _builder_version=&#8221;4.17.4&#8243; _module_preset=&#8221;default&#8221; global_colors_info=&#8221;{}&#8221;][et_pb_column type=&#8221;4_4&#8243; _builder_version=&#8221;4.17.4&#8243; _module_preset=&#8221;default&#8221; global_colors_info=&#8221;{}&#8221;][et_pb_image src=&#8221;https:\/\/stopzmianomklimatu.org.pl\/wp-content\/uploads\/2022\/08\/mokradla2.jpg&#8221; alt=&#8221;Mokrad\u0142a&#8221; title_text=&#8221;Nastrojowy meandruj\u0105cej rzeki Biebrzy, Biebrza\u0144ski Park Narodo&#8221; _builder_version=&#8221;4.17.4&#8243; _module_preset=&#8221;default&#8221; global_colors_info=&#8221;{}&#8221;][\/et_pb_image][\/et_pb_column][\/et_pb_row][et_pb_row _builder_version=&#8221;4.17.4&#8243; _module_preset=&#8221;default&#8221; global_colors_info=&#8221;{}&#8221;][et_pb_column type=&#8221;4_4&#8243; _builder_version=&#8221;4.17.4&#8243; _module_preset=&#8221;default&#8221; global_colors_info=&#8221;{}&#8221;][et_pb_text _builder_version=&#8221;4.17.4&#8243; _module_preset=&#8221;default&#8221; global_colors_info=&#8221;{}&#8221;]<\/p>\n<h2><span style=\"color: #007bb7;\"><strong>Us\u0142ugi ekosystemowe mokrade\u0142<\/strong><\/span><\/h2>\n<p>[\/et_pb_text][et_pb_text _builder_version=&#8221;4.17.4&#8243; _module_preset=&#8221;default&#8221; global_colors_info=&#8221;{}&#8221;]<\/p>\n<p style=\"text-align: justify;\">Ka\u017cdy rodzaj ekosystemu spe\u0142nia okre\u015blone us\u0142ugi s\u0105 tzw. us\u0142ugi ekosystemowe. Ekonomi\u015bci zajmuj\u0105cy si\u0119 analiz\u0105 ekosystem\u00f3w\u00a0rozr\u00f3\u017cniaj\u0105 cztery kategorie us\u0142ug ekosystemowych:<\/p>\n<ul>\n<li style=\"text-align: justify;\"><strong>us\u0142ugi produkcyjne<\/strong>, w przypadku mokrade\u0142 mamy do czynienia z produkcj\u0105 m.in. \u017cywno\u015bci \u2013 rybo\u0142\u00f3wstwo, rolnictwo.<\/li>\n<li style=\"text-align: justify;\"><strong>us\u0142ugi reguluj\u0105ce, <\/strong>w przypadku mokrade\u0142 stan rzek i ich dolin wp\u0142ywa na kr\u0105\u017cenie wody w przyrodzie, naturalne rzeki i otaczaj\u0105ce je mokrad\u0142a bardzo efektywnie wychwytuj\u0105 i usuwaj\u0105 ze \u015brodowiska zanieczyszczenia \u2013 przewa\u017cnie pierwiastki biogenne pochodz\u0105ce z nawo\u017cenia teren\u00f3w rolniczych.<\/li>\n<li style=\"text-align: justify;\"><strong>us\u0142ugi przestrzeni \u017cyciowej<\/strong>, mokrad\u0142a s\u0105 miejscem \u017cycia wielu gatunk\u00f3w ro\u015blin i zwierz\u0105t.<\/li>\n<li style=\"text-align: justify;\"><strong>us\u0142ugi kulturalne<\/strong>, mokrad\u0142a, rzeki, jeziora s\u0105 wa\u017cne dla rekreacji i turystyki, w tym takich aktywno\u015bci jak: w\u0119dkarstwo, kajakarstwo, \u017ceglarstwo czy obserwowanie ptak\u00f3w.<\/li>\n<\/ul>\n<p>[\/et_pb_text][\/et_pb_column][\/et_pb_row][et_pb_row column_structure=&#8221;1_2,1_2&#8243; _builder_version=&#8221;4.17.4&#8243; _module_preset=&#8221;default&#8221; global_colors_info=&#8221;{}&#8221;][et_pb_column type=&#8221;1_2&#8243; _builder_version=&#8221;4.17.4&#8243; _module_preset=&#8221;default&#8221; global_colors_info=&#8221;{}&#8221;][et_pb_image src=&#8221;https:\/\/stopzmianomklimatu.org.pl\/wp-content\/uploads\/2022\/08\/mokradla3.jpg&#8221; alt=&#8221;LAS Z NAPIERAJ\u0104CYM WIATREM ORAZ FLAUT\u0104 NA ZAWIETRZNEJ&#8221; title_text=&#8221;Bielik (Haliaeetus albicilla)&#8221; align=&#8221;center&#8221; _builder_version=&#8221;4.17.4&#8243; _module_preset=&#8221;default&#8221; max_width=&#8221;100%&#8221; global_colors_info=&#8221;{}&#8221;][\/et_pb_image][\/et_pb_column][et_pb_column type=&#8221;1_2&#8243; _builder_version=&#8221;4.17.4&#8243; _module_preset=&#8221;default&#8221; global_colors_info=&#8221;{}&#8221;][et_pb_image src=&#8221;https:\/\/stopzmianomklimatu.org.pl\/wp-content\/uploads\/2022\/08\/mokradla6.jpg&#8221; title_text=&#8221;Thickets of cattail&#8221; _builder_version=&#8221;4.17.4&#8243; _module_preset=&#8221;default&#8221; global_colors_info=&#8221;{}&#8221;][\/et_pb_image][\/et_pb_column][\/et_pb_row][et_pb_row _builder_version=&#8221;4.17.4&#8243; _module_preset=&#8221;default&#8221; global_colors_info=&#8221;{}&#8221;][et_pb_column type=&#8221;4_4&#8243; _builder_version=&#8221;4.17.4&#8243; _module_preset=&#8221;default&#8221; global_colors_info=&#8221;{}&#8221;][et_pb_text _builder_version=&#8221;4.17.4&#8243; _module_preset=&#8221;default&#8221; global_colors_info=&#8221;{}&#8221;]<\/p>\n<h2><span style=\"color: #007bb7;\"><strong>Adaptacja i mitygacja w zakresie mokrade\u0142<\/strong><\/span><\/h2>\n<p>[\/et_pb_text][et_pb_text _builder_version=&#8221;4.17.4&#8243; _module_preset=&#8221;default&#8221; global_colors_info=&#8221;{}&#8221;]<\/p>\n<p>Dzia\u0142ania adaptacyjne i mitygacyjne dotycz\u0105ce mokrade\u0142 powinny obejmowa\u0107:<\/p>\n<ul>\n<li>zapobieganie osuszaniu i wypalaniu mokrade\u0142<\/li>\n<li>odtwarzanie \/ renaturalizacja mokrade\u0142<\/li>\n<li>ochrona mokrade\u0142 poprzez tworzenie obszar\u00f3w chronionych \u2013 Natura 2000 na podstawie Dyrektywy Siedliskowej, obszary chronione na podstawie Konwencji z Ramsar.<\/li>\n<\/ul>\n<p>[\/et_pb_text][\/et_pb_column][\/et_pb_row][et_pb_row column_structure=&#8221;1_2,1_2&#8243; _builder_version=&#8221;4.17.4&#8243; _module_preset=&#8221;default&#8221; global_colors_info=&#8221;{}&#8221;][et_pb_column type=&#8221;1_2&#8243; _builder_version=&#8221;4.17.4&#8243; _module_preset=&#8221;default&#8221; global_colors_info=&#8221;{}&#8221;][et_pb_image src=&#8221;https:\/\/stopzmianomklimatu.org.pl\/wp-content\/uploads\/2022\/08\/mokradla4.jpg&#8221; alt=&#8221;LAS Z NAPIERAJ\u0104CYM WIATREM ORAZ FLAUT\u0104 NA ZAWIETRZNEJ&#8221; title_text=&#8221;\u017curaw, Common crane (Grus grus)&#8221; align=&#8221;center&#8221; _builder_version=&#8221;4.17.4&#8243; _module_preset=&#8221;default&#8221; max_width=&#8221;100%&#8221; min_height=&#8221;331px&#8221; height=&#8221;344px&#8221; global_colors_info=&#8221;{}&#8221;][\/et_pb_image][\/et_pb_column][et_pb_column type=&#8221;1_2&#8243; _builder_version=&#8221;4.17.4&#8243; _module_preset=&#8221;default&#8221; global_colors_info=&#8221;{}&#8221;][et_pb_image src=&#8221;https:\/\/stopzmianomklimatu.org.pl\/wp-content\/uploads\/2022\/08\/mokradla5.jpg&#8221; title_text=&#8221;River Loop 04\/16\/2016&#8243; _builder_version=&#8221;4.17.4&#8243; _module_preset=&#8221;default&#8221; global_colors_info=&#8221;{}&#8221;][\/et_pb_image][\/et_pb_column][\/et_pb_row][et_pb_row _builder_version=&#8221;4.17.4&#8243; _module_preset=&#8221;default&#8221; global_colors_info=&#8221;{}&#8221;][et_pb_column type=&#8221;4_4&#8243; _builder_version=&#8221;4.17.4&#8243; _module_preset=&#8221;default&#8221; global_colors_info=&#8221;{}&#8221;][et_pb_text _builder_version=&#8221;4.17.4&#8243; _module_preset=&#8221;default&#8221; global_colors_info=&#8221;{}&#8221;]<\/p>\n<h2><span style=\"color: #007bb7;\"><strong>Dobre praktyki<\/strong><\/span><\/h2>\n<p>[\/et_pb_text][et_pb_text _builder_version=&#8221;4.17.4&#8243; _module_preset=&#8221;default&#8221; global_colors_info=&#8221;{}&#8221;]<\/p>\n<p style=\"text-align: justify;\">Jednym ze sposob\u00f3w zabezpieczenia teren\u00f3w bagiennych i przywracania ich naturalnego charakteru jest pozostawienie rozlewisk bobrowych. Przyk\u0142adem realizacji takiego dzia\u0142ania s\u0105 stawy bobrowe na terenie Le\u015bnictwa Wrzosy w Nadle\u015bnictwie Toru\u0144. W tym przypadku na cieku Czerwona Struga bobry zbudowa\u0142y kaskad\u0119 tam w wyniku czego zalewaj\u0105 tereny le\u015bne i tworz\u0105 zbiorniki w\u00f3d stoj\u0105cych. Zwierz\u0119ta utrzymuj\u0105 sta\u0142y poziom wody w rozlewiskach. Bobry poprzez wycinanie drzew, kt\u00f3rych potrzebuj\u0105 do budowy tam i \u017ceremi zmieniaj\u0105 sk\u0142ad gatunkowy ro\u015blinno\u015bci, pojawi\u0142y si\u0119 zaro\u015bla sk\u0142adaj\u0105ce si\u0119 z wierzby i brzozy. W zwi\u0105zku z wi\u0119kszym dost\u0119pem do \u015bwiat\u0142a rozrastaj\u0105 si\u0119 trawy, turzyce i zio\u0142a sprzyjaj\u0105ce owadom zapylaj\u0105cym. Powstaje strefa przej\u015bciowa pomi\u0119dzy wod\u0105 a lasem. W samym zbiorniku rozwija si\u0119 rz\u0119sa czy moczarka. W wodzie pojawiaj\u0105 si\u0119 owady zwi\u0105zane z tym \u015brodowiskiem, kt\u00f3re mog\u0105 by\u0107 pokarmem dla ryb i p\u0142az\u00f3w. Stawy bobrowe maj\u0105 ogromne znaczenie dla wielu gatunk\u00f3w ptak\u00f3w. Zakrzewienia i ro\u015blinno\u015b\u0107 bagienna sprzyja gniazdowaniu a obfito\u015b\u0107 owad\u00f3w ale i innych zwierz\u0105t np. \u015blimak\u00f3w, \u017cab stanowi doskona\u0142e zabezpieczenie pokarmowe. Ptaki, kt\u00f3re mo\u017cemy spotka\u0107 na takich stawach to kaczki np. krzy\u017c\u00f3wka, \u0142ab\u0119d\u017a niemy, czapla siwa oraz samotnik. Z ssak\u00f3w, kt\u00f3re wykorzystuj\u0105 tereny podmok\u0142e jako swoj\u0105 ostoj\u0119 mo\u017cna wymieni\u0107 \u0142osia. Dzi\u0119ki dzia\u0142alno\u015bci bobr\u00f3w powstaje wyj\u0105tkowe siedlisko do \u017cycia dla zwierz\u0105t i ro\u015blin.<\/p>\n<p style=\"text-align: justify;\">Poni\u017cej prezentujemy kilka dobrych pomys\u0142\u00f3w na otworzenie i ochron\u0119 ekosystem\u00f3w bagiennych:<\/p>\n<ul>\n<li style=\"text-align: justify;\">odtwarzanie drobnych zbiornik\u00f3w wodnych,<\/li>\n<li style=\"text-align: justify;\">zapobieganie odwadnianiu i odtwarzanie uwodnienia mokrade\u0142,<\/li>\n<li style=\"text-align: justify;\">przywracanie ro\u015blinno\u015bci typowej dla mokrade\u0142.<\/li>\n<\/ul>\n<p>[\/et_pb_text][\/et_pb_column][\/et_pb_row][\/et_pb_section]<\/p>\n","protected":false},"excerpt":{"rendered":"<p>Mokrad\u0142a w PolsceWed\u0142ug Mi\u0119dzynarodowej Unii Ochrony Przyrody mokrad\u0142a to tereny b\u0142ot, bagien i torfowisk lub zbiorniki wodne zar\u00f3wno naturalne jak i sztuczne, sta\u0142e i okresowe, o wodach stoj\u0105cych lub p\u0142yn\u0105cych, s\u0142odkich, s\u0142onawych lub s\u0142onych. Jedna z definicji m\u00f3wi, \u017ce s\u0105 to obszary, kt\u00f3rych poziom wody jest bliski poziomowi gruntu, a wi\u0119c pokrywaj\u0105ca go ro\u015blinno\u015b\u0107 przystosowana [&hellip;]<\/p>\n","protected":false},"author":3,"featured_media":0,"parent":0,"menu_order":0,"comment_status":"closed","ping_status":"closed","template":"","meta":{"_et_pb_use_builder":"on","_et_pb_old_content":"","_et_gb_content_width":"","inline_featured_image":false,"footnotes":""},"class_list":["post-413","page","type-page","status-publish","hentry"],"_links":{"self":[{"href":"https:\/\/stopzmianomklimatu.org.pl\/index.php\/wp-json\/wp\/v2\/pages\/413","targetHints":{"allow":["GET"]}}],"collection":[{"href":"https:\/\/stopzmianomklimatu.org.pl\/index.php\/wp-json\/wp\/v2\/pages"}],"about":[{"href":"https:\/\/stopzmianomklimatu.org.pl\/index.php\/wp-json\/wp\/v2\/types\/page"}],"author":[{"embeddable":true,"href":"https:\/\/stopzmianomklimatu.org.pl\/index.php\/wp-json\/wp\/v2\/users\/3"}],"replies":[{"embeddable":true,"href":"https:\/\/stopzmianomklimatu.org.pl\/index.php\/wp-json\/wp\/v2\/comments?post=413"}],"version-history":[{"count":4,"href":"https:\/\/stopzmianomklimatu.org.pl\/index.php\/wp-json\/wp\/v2\/pages\/413\/revisions"}],"predecessor-version":[{"id":500,"href":"https:\/\/stopzmianomklimatu.org.pl\/index.php\/wp-json\/wp\/v2\/pages\/413\/revisions\/500"}],"wp:attachment":[{"href":"https:\/\/stopzmianomklimatu.org.pl\/index.php\/wp-json\/wp\/v2\/media?parent=413"}],"curies":[{"name":"wp","href":"https:\/\/api.w.org\/{rel}","templated":true}]}}