{"id":746,"date":"2023-06-05T11:16:44","date_gmt":"2023-06-05T09:16:44","guid":{"rendered":"https:\/\/stopzmianomklimatu.org.pl\/?page_id=746"},"modified":"2023-06-05T11:41:35","modified_gmt":"2023-06-05T09:41:35","slug":"kwiecien-2023","status":"publish","type":"page","link":"https:\/\/stopzmianomklimatu.org.pl\/index.php\/kwiecien-2023\/","title":{"rendered":"kwiecie\u0144 2023"},"content":{"rendered":"<p>[et_pb_section fb_built=&#8221;1&#8243; _builder_version=&#8221;4.21.0&#8243; _module_preset=&#8221;default&#8221; custom_padding=&#8221;1px|||||&#8221; global_colors_info=&#8221;{}&#8221;][et_pb_row _builder_version=&#8221;4.21.0&#8243; _module_preset=&#8221;default&#8221; global_colors_info=&#8221;{}&#8221;][et_pb_column type=&#8221;4_4&#8243; _builder_version=&#8221;4.21.0&#8243; _module_preset=&#8221;default&#8221; global_colors_info=&#8221;{}&#8221;][et_pb_text _builder_version=&#8221;4.21.0&#8243; _module_preset=&#8221;default&#8221; global_colors_info=&#8221;{}&#8221;]<\/p>\n<h2>Kwiecie\u0144 2023<\/h2>\n<p>[\/et_pb_text][\/et_pb_column][\/et_pb_row][et_pb_row _builder_version=&#8221;4.21.0&#8243; _module_preset=&#8221;default&#8221; global_colors_info=&#8221;{}&#8221;][et_pb_column type=&#8221;4_4&#8243; _builder_version=&#8221;4.21.0&#8243; _module_preset=&#8221;default&#8221; global_colors_info=&#8221;{}&#8221;][et_pb_text _builder_version=&#8221;4.21.0&#8243; _module_preset=&#8221;default&#8221; global_colors_info=&#8221;{}&#8221;]<\/p>\n<table style=\"height: 128px; width: 100%; border-collapse: collapse;\" border=\"1\">\n<tbody>\n<tr style=\"height: 56px;\">\n<td style=\"width: 5%; height: 56px; text-align: center;\"><strong>Lp.<\/strong><\/td>\n<td style=\"width: 15%; height: 56px; text-align: center;\"><strong>Termin<\/strong><\/td>\n<td style=\"width: 15%; height: 56px; text-align: center;\"><strong>Gmina<\/strong><\/td>\n<td style=\"width: 15%; height: 56px; text-align: center;\"><strong>Powiat<\/strong><\/td>\n<td style=\"width: 20%; height: 56px; text-align: center;\"><strong>Wojew\u00f3dztwo<\/strong><\/td>\n<td style=\"width: 30%; height: 56px; text-align: center;\"><strong>Plac\u00f3wka<\/strong><\/td>\n<\/tr>\n<tr style=\"height: 24px;\">\n<td style=\"width: 5%; height: 24px;\">1.<\/td>\n<td style=\"width: 15%; height: 24px;\">24.04.2023<\/td>\n<td style=\"width: 15%; height: 24px;\">Osielsko<\/td>\n<td style=\"width: 15%; height: 24px;\">bydgoski<\/td>\n<td style=\"width: 20%;\" width=\"161\">kujawsko &#8211; pomorskie<\/td>\n<td style=\"width: 30%; height: 24px;\">Szko\u0142a Podstawowa im. Janusza Korczaka w \u017bo\u0142\u0119dowie<\/td>\n<\/tr>\n<tr style=\"height: 24px;\">\n<td style=\"width: 5%; height: 24px;\">2.<\/td>\n<td style=\"width: 15%; height: 24px;\">26.04.2023<\/td>\n<td style=\"width: 15%; height: 24px;\">Kik\u00f3\u0142<\/td>\n<td style=\"width: 15%;\" width=\"85\">lipnowski<\/td>\n<td style=\"width: 20%;\" width=\"161\">kujawsko &#8211; pomorskie<\/td>\n<td style=\"width: 30%; height: 24px;\">Zesp\u00f3\u0142 Szkolno &#8211; Przedszkolny w Kikole<\/td>\n<\/tr>\n<tr style=\"height: 24px;\">\n<td style=\"width: 5%; height: 24px;\">3.<\/td>\n<td style=\"width: 15%; height: 24px;\">28.04.2023<\/td>\n<td style=\"width: 15%; height: 24px;\">Grudzi\u0105dz<\/td>\n<td style=\"width: 15%; height: 24px;\">grudzi\u0105dzki<\/td>\n<td style=\"width: 20%;\" width=\"161\">kujawsko &#8211; pomorskie<\/td>\n<td style=\"width: 30%; height: 24px;\">Szko\u0142a Podstawowa im. Stanis\u0142awa Broniewskiego &#8222;Orszy&#8221; w Wa\u0142dowie Szlacheckim<\/td>\n<\/tr>\n<\/tbody>\n<\/table>\n<p>&nbsp;[\/et_pb_text][\/et_pb_column][\/et_pb_row][\/et_pb_section]<\/p>\n","protected":false},"excerpt":{"rendered":"<p>Kwiecie\u0144 2023 Lp. Termin Gmina Powiat Wojew\u00f3dztwo Plac\u00f3wka 1. 24.04.2023 Osielsko bydgoski kujawsko &#8211; pomorskie Szko\u0142a Podstawowa im. Janusza Korczaka w \u017bo\u0142\u0119dowie 2. 26.04.2023 Kik\u00f3\u0142 lipnowski kujawsko &#8211; pomorskie Zesp\u00f3\u0142 Szkolno &#8211; Przedszkolny w Kikole 3. 28.04.2023 Grudzi\u0105dz grudzi\u0105dzki kujawsko &#8211; pomorskie Szko\u0142a Podstawowa im. Stanis\u0142awa Broniewskiego &#8222;Orszy&#8221; w Wa\u0142dowie Szlacheckim &nbsp;<\/p>\n","protected":false},"author":3,"featured_media":0,"parent":0,"menu_order":0,"comment_status":"closed","ping_status":"closed","template":"","meta":{"_et_pb_use_builder":"on","_et_pb_old_content":"","_et_gb_content_width":"","inline_featured_image":false,"footnotes":""},"class_list":["post-746","page","type-page","status-publish","hentry"],"_links":{"self":[{"href":"https:\/\/stopzmianomklimatu.org.pl\/index.php\/wp-json\/wp\/v2\/pages\/746","targetHints":{"allow":["GET"]}}],"collection":[{"href":"https:\/\/stopzmianomklimatu.org.pl\/index.php\/wp-json\/wp\/v2\/pages"}],"about":[{"href":"https:\/\/stopzmianomklimatu.org.pl\/index.php\/wp-json\/wp\/v2\/types\/page"}],"author":[{"embeddable":true,"href":"https:\/\/stopzmianomklimatu.org.pl\/index.php\/wp-json\/wp\/v2\/users\/3"}],"replies":[{"embeddable":true,"href":"https:\/\/stopzmianomklimatu.org.pl\/index.php\/wp-json\/wp\/v2\/comments?post=746"}],"version-history":[{"count":5,"href":"https:\/\/stopzmianomklimatu.org.pl\/index.php\/wp-json\/wp\/v2\/pages\/746\/revisions"}],"predecessor-version":[{"id":765,"href":"https:\/\/stopzmianomklimatu.org.pl\/index.php\/wp-json\/wp\/v2\/pages\/746\/revisions\/765"}],"wp:attachment":[{"href":"https:\/\/stopzmianomklimatu.org.pl\/index.php\/wp-json\/wp\/v2\/media?parent=746"}],"curies":[{"name":"wp","href":"https:\/\/api.w.org\/{rel}","templated":true}]}}

kwiecień 2023

<p>[et_pb_section fb_built=&#8221;1&#8243; _builder_version=&#8221;4.21.0&#8243; _module_preset=&#8221;default&#8221; custom_padding=&#8221;1px|||||&#8221; global_colors_info=&#8221;{}&#8221;][et_pb_row _builder_version=&#8221;4.21.0&#8243; _module_preset=&#8221;default&#8221; global_colors_info=&#8221;{}&#8221;][et_pb_column type=&#8221;4_4&#8243; _builder_version=&#8221;4.21.0&#8243; _module_preset=&#8221;default&#8221; global_colors_info=&#8221;{}&#8221;][et_pb_text _builder_version=&#8221;4.21.0&#8243; _module_preset=&#8221;default&#8221; global_colors_info=&#8221;{}&#8221;]</p>
<h2>Kwiecień 2023</h2>
<p>[/et_pb_text][/et_pb_column][/et_pb_row][et_pb_row _builder_version=&#8221;4.21.0&#8243; _module_preset=&#8221;default&#8221; global_colors_info=&#8221;{}&#8221;][et_pb_column type=&#8221;4_4&#8243; _builder_version=&#8221;4.21.0&#8243; _module_preset=&#8221;default&#8221; global_colors_info=&#8221;{}&#8221;][et_pb_text _builder_version=&#8221;4.21.0&#8243; _module_preset=&#8221;default&#8221; global_colors_info=&#8221;{}&#8221;]</p>
<table style="height: 128px; width: 100%; border-collapse: collapse;" border="1">
<tbody>
<tr style="height: 56px;">
<td style="width: 5%; height: 56px; text-align: center;"><strong>Lp.</strong></td>
<td style="width: 15%; height: 56px; text-align: center;"><strong>Termin</strong></td>
<td style="width: 15%; height: 56px; text-align: center;"><strong>Gmina</strong></td>
<td style="width: 15%; height: 56px; text-align: center;"><strong>Powiat</strong></td>
<td style="width: 20%; height: 56px; text-align: center;"><strong>Województwo</strong></td>
<td style="width: 30%; height: 56px; text-align: center;"><strong>Placówka</strong></td>
</tr>
<tr style="height: 24px;">
<td style="width: 5%; height: 24px;">1.</td>
<td style="width: 15%; height: 24px;">24.04.2023</td>
<td style="width: 15%; height: 24px;">Osielsko</td>
<td style="width: 15%; height: 24px;">bydgoski</td>
<td style="width: 20%;" width="161">kujawsko &#8211; pomorskie</td>
<td style="width: 30%; height: 24px;">Szkoła Podstawowa im. Janusza Korczaka w Żołędowie</td>
</tr>
<tr style="height: 24px;">
<td style="width: 5%; height: 24px;">2.</td>
<td style="width: 15%; height: 24px;">26.04.2023</td>
<td style="width: 15%; height: 24px;">Kikół</td>
<td style="width: 15%;" width="85">lipnowski</td>
<td style="width: 20%;" width="161">kujawsko &#8211; pomorskie</td>
<td style="width: 30%; height: 24px;">Zespół Szkolno &#8211; Przedszkolny w Kikole</td>
</tr>
<tr style="height: 24px;">
<td style="width: 5%; height: 24px;">3.</td>
<td style="width: 15%; height: 24px;">28.04.2023</td>
<td style="width: 15%; height: 24px;">Grudziądz</td>
<td style="width: 15%; height: 24px;">grudziądzki</td>
<td style="width: 20%;" width="161">kujawsko &#8211; pomorskie</td>
<td style="width: 30%; height: 24px;">Szkoła Podstawowa im. Stanisława Broniewskiego &#8222;Orszy&#8221; w Wałdowie Szlacheckim</td>
</tr>
</tbody>
</table>
<p>&nbsp;[/et_pb_text][/et_pb_column][/et_pb_row][/et_pb_section]</p>

<p>Kwiecień 2023 Lp. Termin Gmina Powiat Województwo Placówka 1. 24.04.2023 Osielsko bydgoski kujawsko &#8211; pomorskie Szkoła Podstawowa im. Janusza Korczaka w Żołędowie 2. 26.04.2023 Kikół lipnowski kujawsko &#8211; pomorskie Zespół Szkolno &#8211; Przedszkolny w Kikole 3. 28.04.2023 Grudziądz grudziądzki kujawsko &#8211; pomorskie Szkoła Podstawowa im. Stanisława Broniewskiego &#8222;Orszy&#8221; w Wałdowie Szlacheckim &nbsp;</p>
